 the first derivative of -8*g + 7/2*g**2 + 1/3*g**3 + 2. What are the prime factors of l(-14)?
2, 3, 5
Let n be ((-199)/3)/(9*(-13)/4563). Suppose 4*h - 5*o = n, 0 = 10*h - 8*h + o - 1311. What are the prime factors of h?
653
Let b(l) = -11*l**3 - 5*l**2 - 3*l. Let h be b(-3). Let y = h - 9. What are the prime factors of y?
2, 3, 7
Let p(u) = 12*u - 80. Let s be p(15). Suppose 13*n + s = 17*n. List the prime factors of n.
5
Let d = 498 - 506. List the prime factors of (d/(-24))/(8/2256).
2, 47
Let x(z) = -z**3 - 33*z**2 + 68*z + 463. What are the prime factors of x(-40)?
3, 11, 271
List the prime factors of 32438 + (-120)/(-80) + 1/(-2).
3, 11, 983
Let i(k) be the third derivative of k**5/30 - 23*k**4/8 - 29*k**3/6 - 16*k**2. What are the prime factors of i(46)?
3, 7
Suppose 0 = -4*q - 4 - 4, q + 13862 = 4*r. List the prime factors of r.
3, 5, 7, 11
Let f(l) = -l**3 + 17*l**2 + 18*l - 42. Let t be f(18). Let m be (-1)/3 - 28994/t. Suppose -26 = 4*c - m. What are the prime factors of c?
2, 83
Let m = -1592 + 2490. Suppose 0 = d - 32 - m. Suppose 0 = 10*v - 0*v - d. What are the prime factors of v?
3, 31
Let n(x) = -x. Let j be n(0). Let s be (3/1 - 6) + 3. Suppose -y + s*y + 4 = j. What are the prime factors of y?
2
Suppose 4*r - 2*b - 22 = 0, 4*r = r + 2*b + 17. Suppose -4*i = -r*i + x - 11, -13 = -2*i - 5*x. List the prime factors of -103*(18/27)/(4/i).
103
Let y = -1 + 6. Let z(h) = h + 1. Let w(l) = 6*l + 9. Let a(k) = y*z(k) - w(k). What are the prime factors of a(-17)?
13
Suppose -6 = -5*g + n, 5*g - 3*n = -4*n + 14. Let w(y) = 24*y + g*y**2 + 21*y - 9 - 4. What are the prime factors of w(-23)?
2, 5
Suppose l - 2*s - 4 = 3*l, -5*l + 2*s - 17 = 0. Let y(b) = 101*b**2 + 22*b + 62. What are the prime factors of y(l)?
5, 181
Let y be (-33)/2 - (-1)/2. Let f be ((-2)/8 - 4/y) + 4. What are the prime factors of (-2301)/(-24) + 1/32*f?
2, 3
Suppose -4*p + 8*p - 8 = 0. Let y(t) = -3 + 6*t**2 + 13*t**p - 4*t + 8*t + 4. List the prime factors of y(2).
5, 17
Let t(u) = 5*u**3 - 3*u + 2. Let s be t(1). Suppose 4*g + 237 = -4*l - 51, 0 = -l + s*g - 87. Let w = l + 263. What are the prime factors of w?
2, 47
Let c be 239*2/4*2. Let i(w) = -135*w - 399. Let f be i(-3). Suppose 827 - c = f*m. List the prime factors of m.
2, 7
Let d = -342 - -330. Let j(i) = 5*i**2 - 33*i + 31. List the prime factors of j(d).
31, 37
List the prime factors of 31/(496/288) + 13733.
13751
List the prime factors of (-55237308)/(-2156) + -3*3/33.
2, 3, 5, 7, 61
Let q(h) = h**2 - 15*h + 17. Let r = 5 + 10. Let b be q(r). What are the prime factors of (b - 9) + 2 + 2?
2, 3
Let q = 7563 + -4464. Suppose -10*j + 7*j + q = -a, -2*j - 4*a + 2066 = 0. List the prime factors of j.
1033
Let c(t) = 11*t**2 - t - 49. Suppose u = 5*w - 48, -u + 22 = -13*w + 15*w. List the prime factors of c(w).
3, 347
Suppose -4*y + 4 = 2*n - 0, 5*y = n + 19. Let u be (0 - 3) + (-1 - n). What are the prime factors of (3 - (0 + u)) + 86*1?
89
Let w(u) = -u**2 - 3*u. Let i be w(-2). Suppose -17 = -3*g + 2*v - 6*v, i*g - 4 = v. Suppose -g*q - 116 = -386. List the prime factors of q.
2, 3, 5
Let b = -173 - -169. Let z(x) = -184*x + 13. List the prime factors of z(b).
7, 107
Let d = 58 - -37. Suppose 4*z = -2*v + 4, 5*z - 4*z + 5 = v. Suppose v*l = 3*l + d. List the prime factors of l.
5, 19
Suppose 0 = i + 2*p - 2097, 260*i - 258*i - 5*p = 4230. List the prime factors of i.
5, 421
Let v(w) = -w**3 - 3*w**2 + w - 16. Suppose 5*d = 9*d - 32. Let r be (3 + -1)*(-20)/d. List the prime factors of v(r).
29
Let j(c) = 2*c**3 - 72*c**2 - 43*c - 264. What are the prime factors of j(42)?
2, 3, 1061
Suppose 11*i - 6 - 27 = 0. Suppose -15 = -i*q - 9. Suppose q*p + 63 - 277 = 0. What are the prime factors of p?
107
Suppose 0 = -4*k + 4, -4*b + 5*k = 4*k - 2031. List the prime factors of b + 0 + (-3 + -9 - -9).
5, 101
Let p(q) = -20*q + 11*q + 5*q**2 + 0*q**3 + q**3 + q - 12. Let z be p(-6). Suppose -450 = -3*s - 5*c + 162, s + c - 204 = z. What are the prime factors of s?
2, 3, 17
What are the prime factors of 5 - (-288)/(-63) - 34035*156/(-126)?
42139
Let t = -52 + 213. Let r = t - -5. What are the prime factors of r?
2, 83
Let u = 380 + -368. Suppose -u*z = -16*z + 2036. List the prime factors of z.
509
Let n(l) = 42*l**3 - 57*l**2 - 9. List the prime factors of n(7).
2, 3, 967
Let i be (-7)/(-2) - 9/(-6). Suppose 2*o = -2*f + 1994, 0 = i*f - 0*o - 3*o - 4977. What are the prime factors of f?
2, 3, 83
Let h(y) = -4*y**3 + 4*y**2 - 8*y + 5. Let g be h(1). What are the prime factors of 12 + -15 - (g + -1390)?
2, 5, 139
Suppose 4*p + 3*c - 12 = 0, 4*p = 3*p - 4*c + 3. Suppose -5*g - p*r - 2*r = -45, 6 = 4*g - 2*r. Suppose 4*f = -g*f + 80. List the prime factors of f.
2, 5
Let w(m) = m**3 - 5*m**2 - 22*m + 2483. What are the prime factors of w(0)?
13, 191
Let x be 4334/11 - (-21)/3. Let u = 440 - x. List the prime factors of u.
3, 13
Suppose -72*x - 10251 - 7039 = -79*x. List the prime factors of x.
2, 5, 13, 19
Let i(d) = d**2 - 13*d - 1479. What are the prime factors of i(71)?
7, 13, 29
Let w(y) = -8*y**2 + 13*y + 2. Let a be w(4). Let o = 262 + a. Let b = 288 - o. What are the prime factors of b?
2, 5
Suppose 15*q - 5499 = 2*q. Suppose 5*i + q = 4*f, 5*f = -2*i + 290 + 247. List the prime factors of f.
107
Suppose -69030 = -2*j - 13*f + 9*f, 8*j + 4*f - 276120 = 0. List the prime factors of j.
3, 5, 13, 59
Let l be (0 + 0)/(-2 - 3/(-3)). Suppose -188*q + 190*q - 702 = l. What are the prime factors of q?
3, 13
List the prime factors of ((-3)/(-9))/((-46)/(-2751582)).
127, 157
Let v = -2200 - -4550. What are the prime factors of v?
2, 5, 47
Let n be (15/10)/(39/104). Suppose 0*p + 3917 = 5*p + f, 3*p - n*f - 2341 = 0. What are the prime factors of p?
3, 29
Let b(t) = -t**2 - 4*t + 57. Let s be b(-12). Let d(m) = m**3 + 38*m**2 - 62*m - 17. What are the prime factors of d(s)?
2, 5, 11
Let w(b) = -10*b - 85. Let t be w(-9). Suppose -5*c + t*m - 3*m = -535, 0 = 3*c + 2*m - 337. What are the prime factors of c?
109
List the prime factors of -3*(-42634)/42 - (-160)/(-560).
3, 5, 7, 29
Suppose -d + 19*d - 702 = 0. What are the prime factors of (-6)/d + (-5 - (-1564)/26)?
5, 11
Let h = 33420 - 23690. List the prime factors of h.
2, 5, 7, 139
Let r(k) = 22626*k**3 - 2*k**2 + 12*k - 10. What are the prime factors of r(1)?
2, 3, 419
Suppose -3*x + 12 = 0, -3*x - 44 + 5 = 3*i. Let a(u) = -18*u + 40. What are the prime factors of a(i)?
2, 173
Let u = 45234 - -11981. What are the prime factors of u?
5, 11443
Suppose 7*v - 24576 = -4*z + 9*v, 4*z - 24534 = -5*v. What are the prime factors of z?
3, 23, 89
Let k = -2794 + 4861. What are the prime factors of k?
3, 13, 53
Let a(m) = 64*m + 95. Let i be a(6). Let q = i - 118. What are the prime factors of q?
19
Suppose -24*z - 27*z + 286569 = 0. List the prime factors of z.
3, 1873
Suppose 3*n - 24 = 6. Suppose 4*r = 6 + n. List the prime factors of 121/(r*5/40).
2, 11
Let r = -1259 + 3146. List the prime factors of r.
3, 17, 37
List the prime factors of 4/(-1)*(-20)/20 + (1 - -11742).
17, 691
Let i = -14039 - -9369. Let a = -3227 - i. List the prime factors of a.
3, 13, 37
Suppose -39*a - 143 = -8177. Suppose -3*o + x - 721 = 2*o, 3*x - 147 = o. Let r = a + o. What are the prime factors of r?
2, 31
Let w(p) = 203*p + 1107. List the prime factors of w(46).
5, 2089
Let f(a) = -3*a + 75. Let k be f(-17). What are the prime factors of 1/((-62)/k - 1/(-2))?
2, 3, 7
Suppose 0 = -27*z - 40462 + 110554. List the prime factors of z.
2, 11, 59
Let v = 211057 + -136592. What are the prime factors of v?
5, 53, 281
List the prime factors of 34202 - -2*(-9 - -10).
2, 17, 503
Suppose 3*i = -0*h - 5*h + 2144, h - 442 = -5*i. Let j = h + -133. What are the prime factors of j?
2, 3, 7
What are the prime factors of (-672)/(-1680) - (-1 - (-74456)/(-10))?
11, 677
What are the prime factors of 10/(((-441)/55167)/(-21))?
2, 5, 37, 71
Let s be (60/(12/(-3)))/1. Let o be (s/(-6))/((-3)/(-6)). Suppose -o*g = -150 - 500. What are the prime factors of g?
2, 5, 13
Let j(l) = 14*l - 15. Let n be j(4). Let z(b) = -31*b - n*b + 54*b + 22. What are the prime factors of z(-10)?
2, 101
Suppose 568 = -4*z + o, o - 282 = 9*z - 7*z. Let w = z + 345. List the prime factors of w.
2, 101
Let k = -8 - -13. Suppose 2 + 9 = 2*s